h). Let r = 24 - 14. Let x = 11 - r. Calculate j(x).
-3
Suppose -13 = 5*b - 33. Suppose -21*q = -140 - 196. Suppose -b*r - 4*y + 48 = q, 2*r - 22 = -4*y. Let x(s) = s**2 - 4*s - 6. Calculate x(r).
-1
Let b(w) = w**2 - 8*w - 11. Let k = 337 - 328. What is b(k)?
-2
Suppose -29*p - 110 = 180. Let i(w) = w + 2. Give i(p).
-8
Let k(q) = -43*q - 29. Let r(w) = 15*w + 10. Let p(t) = -6*k(t) - 17*r(t). What is p(0)?
4
Let n(k) be the second derivative of k**6/120 + 7*k**5/60 + 5*k**4/24 - k**3 - 29*k**2/2 - 2*k. Let q(s) be the first derivative of n(s). Determine q(-6).
0
Suppose 5*s + 6 = -4*i - 5, 0 = -3*i + 3*s - 15. Let l = i + -2. Let q(o) be the second derivative of o**3/6 + 2*o**2 + 499*o. Calculate q(l).
-2
Let o(c) = -2*c - 6. Let y(x) be the third derivative of -x**6/120 + x**5/6 + x**4/2 - 8*x**3/3 + 25*x**2. Let b be y(11). What is o(b)?
4
Let z(t) be the third derivative of t**6/60 + t**5/60 - t**3/3 + 2*t**2. Suppose -5*j = 7 - 22, 0 = -d + 3*j - 11. Calculate z(d).
-14
Let z(p) = -p**3 + 3*p**2 + 2*p - 2. Let l be (-36)/2*9/(-18). Suppose -l - 9 = -6*u. Give z(u).
4
Let v(n) = -n**2 - 12*n + 14. Let m = 1744 - 1757. What is v(m)?
1
Let i(a) = 28*a - 16. Let z(m) = 47*m - 32. Let s(n) = -5*i(n) + 3*z(n). Give s(13).
-3
Let d(z) = 0*z**3 + 2*z**3 - 18*z + 46 - 11*z**2 - 56 + 3*z**2 - 3*z**3. Calculate d(-5).
5
Let i(u) be the third derivative of 5*u**4/24 - u**3/6 + 765*u**2. Calculate i(2).
9
Let t(i) = -39 + 32*i**2 - 11*i + 56 - 35*i**2. Give t(-5).
-3
Let b(y) = y**2 + 2*y + 5. Let c be b(0). Suppose 0*g + g = c. Let n(j) = j - 4. Determine n(g).
1
Let p(z) = z**3 - 6*z**2 + 6*z - 5. Let c be p(5). Let d(b) = b + 0*b + 0 + c. Calculate d(-2).
-2
Let j(f) be the third derivative of f**5/15 + 2*f**2. Let x be j(1). Let m(s) = s**2 - 4*s**2 + 8*s - s + x + 4*s**2. Calculate m(-5).
-6
Let d(h) = -1 + h**2 + 3 + 27*h - 32*h. Let l(a) = -a**3 - 5*a**2 - 4*a + 3. Let f be l(-4). What is d(f)?
-4
Let x(o) = -o**3 + 7*o**2 - 4*o + 7. Let j = -80 - -205. Let t = -119 + j. Give x(t).
19
Let q be -14*-6*2/42. Let g(x) be the first derivative of -4 - x**3 + 0*x**2 - 1/4*x**q + x. Determine g(-3).
1
Let k(g) = 64*g - 16. Let w(t) = 17*t - 1. Let r(z) = k(z) - 4*w(z). What is r(-4)?
4
Suppose -5*d + 5 = a + 6, -2*a + 3 = 5*d. Let t(u) = -2 - 1 - 3*u + 3*u - 5*u. Let n(y) = -4*y - 3. Let b(h) = a*n(h) - 3*t(h). Calculate b(5).
-8
Let n(h) = -h - 1. Let w = 8 - 3. Suppose 0 - 2 = -5*i - 4*u, -5*i + w*u - 25 = 0. Let c be 12/2 + 1 + i. Determine n(c).
-6
Let v(i) = 14 - i + 413*i**2 + 27 - 414*i**2. Give v(0).
41
Suppose 5*k - 20 - 10 = 0. Let y(c) = -9 + 2*c - 6 + 8 - 1. What is y(k)?
4
Let m(l) = 2 - 4*l - 11 + 6. Give m(1).
-7
Suppose -2*j + 18 = 14. Let o(f) = -f + f**j - 2*f**3 - 73 + 4*f + 71. Calculate o(2).
-8
Let y = 21 + -1. Let h = 17 - y. Let x(c) = -c**2 - 2*c. Give x(h).
-3
Let b(n) be the first derivative of n**4/4 + 11*n**3/3 + 9*n**2/2 - 14*n - 79. What is b(-10)?
-4
Let m(v) = -v**2 + 2. Let c(s) = s**3 + 14*s**2 - 14*s + 13. Suppose 3*p = j + 14 + 7, 0 = -5*p + 10. Let x be c(j). Determine m(x).
-2
Let v(u) = 10*u + 1. Let n(r) = 6*r**2 + 7*r + 8. Let h be n(-2). Let c be (-3)/h*1*2*3. Give v(c).
-9
Let z(d) = d**2 - 9*d + 4. Let w = 1618 + -1613. Give z(w).
-16
Let p(m) be the second derivative of 0 - 1/2*m**2 + 1/3*m**3 - 8*m - 1/5*m**5 - 1/12*m**4. Let w(k) = -k**3 + 6*k**2 - 4*k - 4. Let x be w(5). Give p(x).
-4
Suppose 5*q - 5*n = -5, -3*q - 6 = -0*n - 2*n. Let r(v) be the first derivative of -7 + 3*v**2 - 3*v**2 - 4*v - v**2. Calculate r(q).
4
Let b(q) be the third derivative of -q**5/20 - q**4/24 + 7*q**3/2 - 2*q**2. Let h(j) be the first derivative of b(j). Give h(1).
-7
Let c(v) = 6*v + 1. Let k(y) = y**3 - 3*y**2 + 3. Let p be k(3). Let b(q) = 5*q + 1. Let r(w) = p*c(w) - 4*b(w). Give r(-3).
5
Let u(h) = h**2 - h - 1. Let n(d) = d**3 + 3*d**2 + d + 3. Let p = -12 - -14. Suppose 4*b + 2 = 2*r, 0 = 5*b + p*r - 5*r. Let c be n(b). Determine u(c).
-1
Let r(f) be the second derivative of -f**3/6 + 9*f**2/2 + 52*f. What is r(5)?
4
Let i be (-28)/8 - 3/(-6) - -5. Let s(p) = -p**i - 11*p**2 - p**2 + 3*p**2. Determine s(1).
-10
Let w(k) be the second derivative of -7*k**4/3 - k**3/6 - 141*k - 2. What is w(-1)?
-27
Let q(x) be the second derivative of x**5/20 + 2*x**4/3 - 7*x**3/6 + 6*x**2 - x + 31. Let j = 7 + -16. What is q(j)?
-6
Let y(l) = -4*l - 191. Let i be y(-43). Let q(b) = -b**2 - 18*b + 26. What is q(i)?
7
Let k(l) = l**2 - 4*l. Suppose 2*s + a - 1 = 0, 0*s - 2*a - 4 = 2*s. Calculate k(s).
-3
Let s(h) = h**2 - 8*h + 7. Let i be s(1). Let v(t) be the first derivative of -t**4/4 - t**3/3 + t**2/2 + 2*t + 2. Determine v(i).
2
Let l(h) = h**3 - 9*h**2 - 34*h - 19. Let v be l(12). Let u(d) = 5*d - 3. Calculate u(v).
22
Suppose -29 = -5*i + 4*d, d = -i + 3*d + 7. Let u(t) = t**2 - 6*t - 2. Determine u(i).
-7
Let p(m) be the first derivative of m**4/4 + 3*m**3 - 11*m**2/2 - 2*m + 199. Determine p(-10).
8
Let l(r) = -2*r**2 - 4*r - 1. Let f be (-3)/(9/93) - 3/1. Let y = 31 + f. Determine l(y).
-7
Let u = -4 + -2. Let d be (-4)/(-2 + 0 + 0). Let l(v) = 7*v + 0*v**2 - d*v**2 + 8 + 3*v**2. Determine l(u).
2
Let d(n) = 5*n**2 + 9*n - 9. Let p(m) = 8*m**2 + 18*m - 18. Let y(z) = 5*d(z) - 3*p(z). Give y(6).
-9
Let f(o) be the first derivative of 19*o**2 + o - 184. Calculate f(1).
39
Let t be (-87)/12*((0 - 0) + 4). Let a = t + 33. Let w(h) be the second derivative of -h**3/3 + 5*h**2/2 - 2*h. Determine w(a).
-3
Let b(j) = 0*j**3 - 5*j**2 + j**3 + 4 - 3*j - 2*j**3 + 0*j**3. Suppose 3*p = 3 - 15. Give b(p).
0
Let x(i) = -i**3 - 5*i**2 + 4*i + 6. Suppose 2 = 3*q - 4. Suppose 3*h = -4*z - 6, -5*h - 6 = q*z + 4. Let v be 4 + -4 + h - 3. Determine x(v).
-14
Let i(h) = h**3 + 2*h**2 - 2*h + 4. Let z be i(-3). Let s = 190 + -187. Let d = z + s. Let v(p) = -p**2 + 6*p - 6. What is v(d)?
2
Let u(g) be the second derivative of -g**4/12 - 7*g**3/6 + 4*g**2 + 171*g - 2. Give u(-7).
8
Let b = 21 + -17. Let r(w) = -w**3 - 6*w + 3*w + 6*w - b*w**2. Let j = 1 - 5. What is r(j)?
-12
Suppose 5*h = 59 - 14. Suppose 9 = h*v - 9. Let c(j) = 2*j + 2. Calculate c(v).
6
Let y(l) = -l**2 - 171*l - 832. Let c be y(-5). Let a(t) = 5*t**2 - 9*t - 9. Let k(b) = 2*b**2 - 3*b - 3. Let v(z) = -2*a(z) + 7*k(z). Determine v(c).
19
Let k(o) = 3*o**2 - 2*o - 5. Let m(a) = 5*a**2 - 5*a - 10. Let d(x) = -11*k(x) + 6*m(x). Give d(-5).
-40
Let d(k) = 8*k**3 + 9*k**2 + k - 9. Let w(z) be the third derivative of -z**6/40 - z**5/20 + z**3/2 + 5*z**2. Let i(y) = 4*d(y) + 11*w(y). What is i(3)?
9
Let g(i) = 4*i + 35. Let a = -1898 - -1887. What is g(a)?
-9
Let d(k) = 2*k**2 - 4*k - 5. Let m(s) = -16*s + 181. Let b be m(11). Give d(b).
25
Let s(y) = -11*y - 3*y**3 - y**2 + 19*y - 4*y**3 + 8*y**3 - 6*y. Determine s(2).
8
Let x(m) be the third derivative of m**8/20160 + m**7/840 + m**6/240 - 13*m**5/30 - 33*m**2. Let j(d) be the third derivative of x(d). Give j(-3).
-6
Let n(p) be the second derivative of p**7/840 + p**6/72 - p**5/20 - 5*p**4/24 + 5*p**3/2 - p. Let j(c) be the second derivative of n(c). Determine j(-6).
-5
Let x(k) = k - 7. Let v be 76/3 - 32/24. Let j be (-2)/(-4) + (-156)/v. Give x(j).
-13
Let w(z) be the second derivative of 0 - 20*z - 1/6*z**4 - 1/2*z**3 - z**2. Determine w(-3).
-11
Let v = -6 + 16. Let c = 8 - v. Let b(r) = 2*r**2. What is b(c)?
8
Let x(y) = 18*y. Suppose -4*p - 7 = 2*b - 9, 5*p + 4*b - 7 = 0. Determine x(p).
-18
Let j(q) be the second derivative of -q**3/6 + 5*q**2 + 3*q - 47. What is j(6)?
4
Let d be 2*(2 + (-18)/4). Let f(j) = 6*j**3 + 5*j**2 - j + 11. Let t(z) = 5*z**3 + 5*z**2 + 10. Let o(l) = -4*f(l) + 5*t(l). Calculate o(d).
-14
Let s(p) = 4*p**2 + 14*p - 8. Let f(w) = -9*w**2 - 30*w + 17. Let d(m) = -3*f(m) - 7*s(m). Determine d(-8).
5
Let f(k) be the second derivative of 2/3*k**3 - 10*k + 0 - 1/6*k**4 - 3/2*k**2. Give f(2).
-3
Let f(u) be the first derivative of u**4/2 + 2*u**3/3 - 2*u - 3. Suppose -6 = -5*g - 6*j + 2*j, 5*j = 20. Give f(g).
-10
Let g(l) be the third derivative of l**7/2520 - l**6/720 - 19*l**5/60 - 23*l**2. Let z(m) be the third derivative of g(m). What is z(3)?
5
Let x be (7/28)/(3/36). Let w be (21/x - -1) + -4. Let y(p) = 3*p - 5. Determine y(w).
7
Suppose -h + 5*h - 20 = 0, g + h - 4 = 0. Let a(u) = 19*u**3 + 2